(j) = -j**3 + 5*j**2 + j. Calculate the remainder when m(r) is divided by ((-24)/(-28))/((-9)/84*-2).
1
Calculate the remainder when 14 is divided by -4 + (-3 + 1 - -2) + 14.
4
Suppose -c = 0, -2*w + 9 = w + c. Suppose 2*b = -2 + 4. Calculate the remainder when w is divided by b.
0
Let s = -19 + 30. Calculate the remainder when 21 is divided by s.
10
Let p = 39 - 13. Let f = 11 + -7. Suppose 0 = -3*u + f*u - 9. What is the remainder when p is divided by u?
8
Suppose -4*a + 2*b = -112, -1 + 47 = a - 5*b. Let k(n) = 15*n**3 - n. Calculate the remainder when a is divided by k(1).
12
Suppose -5*k - h + 32 = 0, 7*h - 3*h + 33 = 3*k. Let t = 2 - -1. Suppose 3*n - t = n + z, 2*n + 4*z = 28. Calculate the remainder when k is divided by n.
3
Suppose -4*a = 5 - 25. Suppose 0 = -a*q + 246 + 49. What is the remainder when q is divided by 20?
19
Suppose 1 - 9 = -4*i. Suppose i = o - 1. Calculate the remainder when 5 is divided by o.
2
Let g be 8/28 - (-9)/(-7). Let q(m) = m**2. Calculate the remainder when 3 is divided by q(g).
0
Let q be (6/(-5))/(2/(-20)). Suppose 0 = -2*t - q + 46. Let d = t + -3. What is the remainder when 26 is divided by d?
12
What is the remainder when ((-5 - -44) + -5)/(2 + 0) is divided by 3?
2
Let o(y) = -3*y**3 + y**2 - 2. Let u(a) = a**3 + a**2 - a - 1. Let d(q) = o(q) + 4*u(q). Let n = 79 + -38. What is the remainder when n is divided by d(-5)?
13
Let y be (-4)/((-4)/3) + 1. Suppose -y*u + 15 = -u. Let m(d) = -d**2 + 8*d - 6. What is the remainder when m(3) is divided by u?
4
Suppose -5*h = 3*n - 36, -3*n - h = 2*h - 30. What is the remainder when 12/(-5)*30/(-4) is divided by n?
4
Let s(h) = 4 - 3 + h + 6. Let p be s(-5). What is the remainder when p + (-2 - (-11 - 2)) is divided by 5?
3
What is the remainder when 125 is divided by 7/((2/3)/(8 + -6))?
20
Let u = -2 - -4. Suppose 0 = -2*a - u*a. Suppose v + 52 = 4*q, a = -q + 4*v - 3*v + 10. What is the remainder when q is divided by 8?
6
Suppose -35 = 2*l + 65. Calculate the remainder when ((-1 + 2)*l)/(-2) is divided by 9.
7
Suppose 5*g + 96 = 291. Let v = 26 + -12. What is the remainder when g is divided by v?
11
Suppose -n - 74 = -0*z - z, 5*z + n - 388 = 0. Suppose 5*k = z + 118. What is the remainder when k is divided by 10?
9
Suppose 2*u + 9 = 71. Let k = -16 - -32. Calculate the remainder when u is divided by k.
15
Suppose -18 = 5*s - 7*s. Calculate the remainder when 23 is divided by 5/(15/s) + 3.
5
Let c = 248 - 177. Calculate the remainder when c is divided by 25.
21
Let p(o) = -o + 24. Calculate the remainder when 119 is divided by p(13).
9
Let h = -56 + 16. What is the remainder when (-6)/(-15) - 113/(-5) is divided by h/(-6)*12/10?
7
Let m(d) be the second derivative of d**3/6 - 5*d**2/2 - 2*d. Calculate the remainder when m(7) is divided by 1.
0
Suppose -4*k = -5*h - 93, -8 = 2*h + 2. Let c = 39 - k. Suppose -c - 6 = -2*m. What is the remainder when 26 is divided by m?
12
Suppose -c + 22 = 3*r - 88, 396 = 4*c + r. Let o = -49 + c. Calculate the remainder when o is divided by 17.
15
Let w = 170 + -72. Calculate the remainder when w is divided by 27.
17
Let g(f) = f**2 + 4*f - 3. Let t be g(-5). Suppose 0 - 26 = -t*o. What is the remainder when 24 is divided by o?
11
Let i be 14/(-21)*(-18)/(-2). What is the remainder when i/3 - 28*-1 is divided by 9?
8
What is the remainder when 22 is divided by 6 - (4 + -5) - 1?
4
Let v = 28 + -8. Let y = 15 + -8. What is the remainder when v is divided by y?
6
Let w(v) = -v. Let l be w(5). Let d(q) = q**3 - 2*q**2 + 3*q - 1. Calculate the remainder when d(3) is divided by 5 + -2 - (2 + l).
5
Let f be 2/10 - (-1720)/25. Let t = 100 - f. What is the remainder when t is divided by 40/6*(-12)/(-10)?
7
Let x = -5 - -2. Let b(o) = 4*o**2 - 3*o + 2. Calculate the remainder when b(x) is divided by 16.
15
Suppose 3*j - 5*d - 75 = 0, 87 = 3*j - 5*d + 4*d. What is the remainder when 118 is divided by j?
28
Let j = 525 + -360. What is the remainder when j is divided by 21?
18
Let a = -27 - -30. Let j(p) = 6*p - 1. Calculate the remainder when j(1) is divided by a.
2
Suppose -52 + 202 = i. Suppose -4*q + q = -i. Calculate the remainder when q is divided by 13.
11
What is the remainder when (-1)/3 - 37/(-3) is divided by 5?
2
Let l(v) = -v**3 - 8*v**2 - v + 8. Let g be l(-8). Let b = g + 0. Calculate the remainder when b is divided by 6.
4
Let z(o) = -o + 27. Let h be z(0). Let m = h + 10. What is the remainder when m is divided by 10?
7
Let n = -10 + 7. What is the remainder when 8/n*(-75)/4 is divided by 17?
16
Suppose -2*j + 82 + 18 = 0. Let h = 6 + j. Suppose 3*d = -3*g + 42, 3*d + h = 5*g + d. What is the remainder when 22 is divided by g?
10
Suppose 3*f = -2*f + 25. Suppose -2*i - f*s + 14 = 5, 3*i = 2*s + 4. What is the remainder when (-1)/((-4)/86)*i is divided by 15?
13
Suppose 5*f = -0*f - 20. Let w(b) = -b**3 - b**2 - 4*b + 4. Suppose 22 = 3*q - 47. What is the remainder when w(f) is divided by q?
22
Suppose 2*g - 7 = -5*g. Calculate the remainder when 5/3 - (-6)/(-9) is divided by g.
0
Let w = -3 + 3. Suppose w = s + 4*s - 170. What is the remainder when s is divided by 18?
16
Let r = -8 + 12. Suppose -4*d + r = -y - 2*d, -y - 3*d = -16. Suppose -4*q = -y*x + 60, 4*x = -q + 45 + 10. What is the remainder when x is divided by 8?
6
Let p(o) = o**2 - 5. Let y be 2*(2 - 5)/(-3). Suppose 2*c - y = 6. Calculate the remainder when p(-4) is divided by c.
3
Let i = -12 + 47. Calculate the remainder when 138 is divided by i.
33
Suppose -5*c = -p + 15, 5*p - 2*c - 19 = -5*c. Let z(r) = 2*r**2 - 7*r + 7. Calculate the remainder when z(p) is divided by 6.
4
Suppose -4*f + 59 + 121 = 0. What is the remainder when f is divided by 12?
9
Let a(j) = 3*j - 1. Let x be a(11). Let l = 49 - x. Calculate the remainder when (-127)/(-4) + (-3)/(-12) is divided by l.
15
Suppose 0 = -o + 3*o. Suppose v - 3*z - 41 = 0, -3*v + 2*z + 106 - 4 = o. What is the remainder when v is divided by 11?
10
Suppose 0 = -5*s - 2 - 8. Let v(c) = 8*c**2 - 2. Suppose 2*q = 5 + 17. What is the remainder when v(s) is divided by q?
8
Let d(r) = r**3 + 5*r**2 - r - 3. Calculate the remainder when 47 is divided by d(-4).
13
Let x = -44 - -48. What is the remainder when 11 is divided by x?
3
Let l(f) = f**2 - 4 - 3*f + 1 - 2*f. Let s be l(6). Calculate the remainder when 1 is divided by s/9 + (-4)/(-6).
0
Suppose 0*j = j - 4. Calculate the remainder when 11 is divided by j.
3
Let w = -44 + 47. What is the remainder when 14 is divided by w?
2
Let y = 11 - 18. Let u be 4/14 - 12/y. Suppose 5*g + 77 = u*w + 2*w, 31 = 2*w - 5*g. Calculate the remainder when w is divided by 12.
11
Let a = 10 + 2. What is the remainder when 33 is divided by a?
9
Let k(h) be the third derivative of 13*h**5/60 - h**3/6 + 8*h**2. Calculate the remainder when k(1) is divided by 5.
2
Let j = 17 + -2. Let d(o) be the third derivative of o**5/20 - o**4/24 + 2*o**3/3 - 2*o**2. Calculate the remainder when d(3) is divided by j.
13
Let d(b) = -b**2 + 1. Let a be d(-1). What is the remainder when 15*(-1)/(a + -1) is divided by 9?
6
Let a = 36 - 14. Calculate the remainder when a is divided by 8.
6
Let b = 58 - 29. Calculate the remainder when 52 is divided by b.
23
Suppose -18*r = -4*r - 28. What is the remainder when 13 is divided by r?
1
Let c(r) be the third derivative of -3*r**4/4 + r**3/6 - 9*r**2. Calculate the remainder when c(-1) is divided by 5.
4
Let s(x) = x**3 - 4*x**2 + 2*x + 6. Calculate the remainder when s(3) is divided by 1.
0
Let z(o) = -o**3 + 4*o**2 + 2*o - 2. Let u be z(2). Suppose 2*n + 3*n = -u. Calculate the remainder when 28 is divided by (0/n - 0) + 10.
8
Let y = -9 - -11. Suppose 0 = -o + c + 3 + 1, 4*o + c - 6 = 0. Suppose -2*z - 22 = -o*g, y*z = -4*g + z + 19. Calculate the remainder when 16 is divided by g.
4
Suppose -35 - 5 = -4*l. What is the remainder when 37 is divided by l?
7
Let w = 12 + 21. What is the remainder when w is divided by 18?
15
Let a be 5 + -1 - (-1 - 2). Suppose -h = -a + 1. What is the remainder when 9 is divided by h?
3
Suppose -g = 3, -5*v + g + 2*g = -19. Suppose 0 = -o + v*t + 12, t - 24 = o - 2*o. What is the remainder when o is divided by 7?
6
Let z(k) = k + 3. Let s be z(0). Let b = s - -11. Calculate the remainder when 55 is divided by b.
13
Let j be 